{"id":138,"date":"2019-09-02T21:44:26","date_gmt":"2019-09-02T19:44:26","guid":{"rendered":"https:\/\/wahhu.com\/homeWahhu\/?page_id=138"},"modified":"2019-11-14T22:54:37","modified_gmt":"2019-11-14T21:54:37","slug":"home-2","status":"publish","type":"page","link":"https:\/\/wahhu.com\/homeWahhu\/home-2\/?lang=en","title":{"rendered":"Home"},"content":{"rendered":"","protected":false},"excerpt":{"rendered":"","protected":false},"author":1,"featured_media":147,"parent":0,"menu_order":0,"comment_status":"closed","ping_status":"closed","template":"","meta":{"footnotes":""},"class_list":["post-138","page","type-page","status-publish","has-post-thumbnail","hentry"],"yoast_head":"<!-- This site is optimized with the Yoast SEO plugin v21.9.1 - https:\/\/yoast.com\/wordpress\/plugins\/seo\/ -->\n<title>Home - Wahhu<\/title>\n<meta name=\"robots\" content=\"index, follow, max-snippet:-1, max-image-preview:large, max-video-preview:-1\" \/>\n<link rel=\"canonical\" href=\"https:\/\/wahhu.com\/homeWahhu\/\" \/>\n<meta property=\"og:locale\" content=\"es_ES\" \/>\n<meta property=\"og:type\" content=\"article\" \/>\n<meta property=\"og:title\" content=\"Home - Wahhu\" \/>\n<meta property=\"og:url\" content=\"https:\/\/wahhu.com\/homeWahhu\/?lang=en\" \/>\n<meta property=\"og:site_name\" content=\"Wahhu\" \/>\n<meta property=\"article:modified_time\" content=\"2019-11-14T21:54:37+00:00\" \/>\n<meta property=\"og:image\" content=\"https:\/\/wahhu.com\/homeWahhu\/wp-content\/uploads\/2019\/09\/wahhumov.jpg\" \/>\n\t<meta property=\"og:image:width\" content=\"780\" \/>\n\t<meta property=\"og:image:height\" content=\"780\" \/>\n\t<meta property=\"og:image:type\" content=\"image\/jpeg\" \/>\n<meta name=\"twitter:card\" content=\"summary_large_image\" \/>\n<script type=\"application\/ld+json\" class=\"yoast-schema-graph\">{\"@context\":\"https:\/\/schema.org\",\"@graph\":[{\"@type\":\"WebPage\",\"@id\":\"https:\/\/wahhu.com\/homeWahhu\/?lang=en\",\"url\":\"https:\/\/wahhu.com\/homeWahhu\/?lang=en\",\"name\":\"Home - Wahhu\",\"isPartOf\":{\"@id\":\"https:\/\/wahhu.com\/homeWahhu\/#website\"},\"datePublished\":\"2019-09-02T19:44:26+00:00\",\"dateModified\":\"2019-11-14T21:54:37+00:00\",\"breadcrumb\":{\"@id\":\"https:\/\/wahhu.com\/homeWahhu\/?lang=en#breadcrumb\"},\"inLanguage\":\"es\",\"potentialAction\":[{\"@type\":\"ReadAction\",\"target\":[\"https:\/\/wahhu.com\/homeWahhu\/?lang=en\"]}]},{\"@type\":\"BreadcrumbList\",\"@id\":\"https:\/\/wahhu.com\/homeWahhu\/?lang=en#breadcrumb\",\"itemListElement\":[{\"@type\":\"ListItem\",\"position\":1,\"name\":\"Portada\",\"item\":\"https:\/\/wahhu.com\/homeWahhu\/\"},{\"@type\":\"ListItem\",\"position\":2,\"name\":\"Home\"}]},{\"@type\":\"WebSite\",\"@id\":\"https:\/\/wahhu.com\/homeWahhu\/#website\",\"url\":\"https:\/\/wahhu.com\/homeWahhu\/\",\"name\":\"Wahhu\",\"description\":\"Plataforma para constructoras y obras de ingenier\u00eda en comunicaci\u00f3n, seguimiento, inspecci\u00f3n, entregas y posventas\",\"potentialAction\":[{\"@type\":\"SearchAction\",\"target\":{\"@type\":\"EntryPoint\",\"urlTemplate\":\"https:\/\/wahhu.com\/homeWahhu\/?s={search_term_string}\"},\"query-input\":\"required name=search_term_string\"}],\"inLanguage\":\"es\"}]}<\/script>\n<!-- \/ Yoast SEO plugin. -->","yoast_head_json":{"title":"Home - Wahhu","robots":{"index":"index","follow":"follow","max-snippet":"max-snippet:-1","max-image-preview":"max-image-preview:large","max-video-preview":"max-video-preview:-1"},"canonical":"https:\/\/wahhu.com\/homeWahhu\/","og_locale":"es_ES","og_type":"article","og_title":"Home - Wahhu","og_url":"https:\/\/wahhu.com\/homeWahhu\/?lang=en","og_site_name":"Wahhu","article_modified_time":"2019-11-14T21:54:37+00:00","og_image":[{"width":780,"height":780,"url":"https:\/\/wahhu.com\/homeWahhu\/wp-content\/uploads\/2019\/09\/wahhumov.jpg","type":"image\/jpeg"}],"twitter_card":"summary_large_image","schema":{"@context":"https:\/\/schema.org","@graph":[{"@type":"WebPage","@id":"https:\/\/wahhu.com\/homeWahhu\/?lang=en","url":"https:\/\/wahhu.com\/homeWahhu\/?lang=en","name":"Home - Wahhu","isPartOf":{"@id":"https:\/\/wahhu.com\/homeWahhu\/#website"},"datePublished":"2019-09-02T19:44:26+00:00","dateModified":"2019-11-14T21:54:37+00:00","breadcrumb":{"@id":"https:\/\/wahhu.com\/homeWahhu\/?lang=en#breadcrumb"},"inLanguage":"es","potentialAction":[{"@type":"ReadAction","target":["https:\/\/wahhu.com\/homeWahhu\/?lang=en"]}]},{"@type":"BreadcrumbList","@id":"https:\/\/wahhu.com\/homeWahhu\/?lang=en#breadcrumb","itemListElement":[{"@type":"ListItem","position":1,"name":"Portada","item":"https:\/\/wahhu.com\/homeWahhu\/"},{"@type":"ListItem","position":2,"name":"Home"}]},{"@type":"WebSite","@id":"https:\/\/wahhu.com\/homeWahhu\/#website","url":"https:\/\/wahhu.com\/homeWahhu\/","name":"Wahhu","description":"Plataforma para constructoras y obras de ingenier\u00eda en comunicaci\u00f3n, seguimiento, inspecci\u00f3n, entregas y posventas","potentialAction":[{"@type":"SearchAction","target":{"@type":"EntryPoint","urlTemplate":"https:\/\/wahhu.com\/homeWahhu\/?s={search_term_string}"},"query-input":"required name=search_term_string"}],"inLanguage":"es"}]}},"_links":{"self":[{"href":"https:\/\/wahhu.com\/homeWahhu\/wp-json\/wp\/v2\/pages\/138"}],"collection":[{"href":"https:\/\/wahhu.com\/homeWahhu\/wp-json\/wp\/v2\/pages"}],"about":[{"href":"https:\/\/wahhu.com\/homeWahhu\/wp-json\/wp\/v2\/types\/page"}],"author":[{"embeddable":true,"href":"https:\/\/wahhu.com\/homeWahhu\/wp-json\/wp\/v2\/users\/1"}],"replies":[{"embeddable":true,"href":"https:\/\/wahhu.com\/homeWahhu\/wp-json\/wp\/v2\/comments?post=138"}],"version-history":[{"count":1,"href":"https:\/\/wahhu.com\/homeWahhu\/wp-json\/wp\/v2\/pages\/138\/revisions"}],"predecessor-version":[{"id":139,"href":"https:\/\/wahhu.com\/homeWahhu\/wp-json\/wp\/v2\/pages\/138\/revisions\/139"}],"wp:featuredmedia":[{"embeddable":true,"href":"https:\/\/wahhu.com\/homeWahhu\/wp-json\/wp\/v2\/media\/147"}],"wp:attachment":[{"href":"https:\/\/wahhu.com\/homeWahhu\/wp-json\/wp\/v2\/media?parent=138"}],"curies":[{"name":"wp","href":"https:\/\/api.w.org\/{rel}","templated":true}]}}